-57. Suppose 2*p - h + 12 = 0. Suppose -2*f + 30 = p*k, -5*k - f + 39 = -24. Calculate the highest common factor of k and 48.
12
Let b(s) = -41*s + 4. Let t be b(-1). Suppose -t = -6*z + 3*z. Let g(u) = 7*u + 1. Let p be g(2). What is the greatest common divisor of p and z?
15
Suppose -2*u - 7*i = -10*i + 1860, -3*u - 2*i = 2816. Let y = -933 - u. Calculate the greatest common divisor of 51 and y.
3
Let y(a) = a**2 + 155*a + 4285. Let f be y(-121). What is the highest common factor of 3762 and f?
171
Let x = -187 + 86. Let q = 391 + x. Let h(v) = 3*v**2 + 2. Let y be h(3). What is the highest common divisor of y and q?
29
Let u be (-20)/280 + 2735/70. Suppose 0 = -7*d + 4*d + 156. What is the greatest common factor of d and u?
13
Suppose 3*r - 4*k - 1498 = 0, -3*k = -5*r + 2*k + 2495. Let x be (-2 - -9 - 5) + 4. What is the highest common factor of r and x?
6
Suppose p - b - 38 = 0, -2*b = p - 0*b - 50. Let j be (504/68)/((-1248)/(-49504)). What is the highest common divisor of j and p?
42
Suppose -y - 3*z - 11 = y, 0 = 5*y + 3*z + 5. Suppose y*d = d + 81. Let f(q) = -101*q + 615. Let o be f(6). Calculate the highest common factor of o and d.
9
Let a(c) = c**3 + 14*c**2 + 17*c - 11. Let t be a(-13). Suppose -361 = -4*o - 9. Let n = o + t. What is the greatest common factor of n and 25?
25
Let a(i) = -i + 64. Let b be a(0). Let f be (-1 - (-33)/9)*(50 + -47). Suppose -4*t - f = -5*t. Calculate the highest common divisor of b and t.
8
Suppose 0 = -117*p + 252*p - 109*p - 11050. What is the greatest common factor of 225 and p?
25
Suppose 34*l + 230 = 3*t + 30*l, -5*t + 330 = 4*l. Calculate the greatest common factor of 290 and t.
10
Suppose 5*b - 2778 = -3*t, 4*b = -t + 537 + 396. Let u = 995 - t. Calculate the highest common divisor of 555 and u.
37
Let s be 3/(53/(-54) + 1). Calculate the highest common factor of s and 40338.
162
Let m(z) = -z**3 - 25*z**2 - 115*z + 12. Let w be m(-6). Calculate the greatest common factor of w and 2313.
9
Suppose 0 = 2*q + 16, 3*l + 2*q - 15582 - 105227 = 0. What is the greatest common factor of l and 75?
75
Let r be ((-6)/(-3))/(4/20). Let p be (-63)/(-42)*(14/6 - -1). Let g be -4*p*(-2 - -3)*-2. What is the highest common divisor of g and r?
10
Let b = 816 - 1381. Let r = 580 + b. Calculate the highest common factor of r and 345.
15
Suppose -38 + 6 = -4*w. Suppose -4*z = 5*g - 10, 5*g - z - w = g. Suppose 133 - 149 = -g*c. Calculate the highest common divisor of c and 36.
4
Suppose -i = 2*i + 3. Let z be 34/5 - i/5. Suppose -37*t + 1232 = -0*t - 26*t. Calculate the greatest common divisor of z and t.
7
Suppose -b - 12 = -2*h - 59, 2*b - 6 = 0. Let p be h/18 - ((-94)/18 - -5). Let k be 3/(-2)*(-1 + p/3). Calculate the highest common factor of 16 and k.
2
Let q(s) = 9*s + 121. Let a be q(-13). Suppose 3*f + 6*m = 9*m + 150, -2*m - 190 = -a*f. What is the greatest common divisor of f and 120?
15
Let x = 12 - 10. Let h be (1 - -71)/(2/x). Let r(o) = -236*o + 1660. Let m be r(7). What is the greatest common divisor of m and h?
8
Let u(k) = -28*k**2 + 2072*k + 5. Let d be u(74). What is the greatest common factor of d and 13555?
5
Let q be 2/(-9) + (-5 - (-329)/63). Let s be ((-7)/(-14))/((-1)/64 + q). Let d = -4 - s. What is the highest common divisor of d and 56?
28
Let o be (3/2 - 0)*78. Let n = 120 - o. Suppose -4*r + 2*r = c - 82, -2*c = -n*r + 109. Calculate the greatest common divisor of 26 and r.
13
Let q be (-55 + 64)/(3/32). What is the highest common divisor of q and 552?
24
Let t be (-53)/2*(0 - -8). Let o be t/(-6) - 20/(-30). Let p be (72/45)/((-8)/(-300)). What is the highest common divisor of p and o?
12
Suppose -2*o = -5*d + 6*d - 7, -2*o - 4*d + 4 = 0. Suppose -o*q - 991 = -5*j, -2*q - 3*q = -5*j + 995. Calculate the greatest common divisor of j and 30.
15
Suppose -4*q = -2*h - 92, -3*q = -2*h - 3*h - 69. Suppose -4*p = q - 67. Suppose p*c - 6*c - 75 = 0. What is the highest common factor of c and 9?
3
Let w = 113 + -27. Suppose w*q - 1935 = 77*q. Calculate the highest common divisor of q and 5.
5
Let i(u) = u**3 + 36*u**2 + 4*u + 145. Let l be i(-36). Let b = -29 + 37. What is the greatest common factor of l and b?
1
Let b be 66/14 + 18/63. Suppose -y + 22 + 9 = 2*a, b*a = 3*y - 126. Suppose 0*z + y = z. What is the greatest common factor of z and 37?
37
Let q be 397 - (((-48)/28)/2)/(7/(-49)). What is the greatest common divisor of 221 and q?
17
Let v be (13 - -8)/(2/(-2)). Let l be -4 - (v + 5 + -2). What is the greatest common factor of l and 49?
7
Suppose 10*q - 39 = -4*j + 5*q, 0 = 4*j - 2*q - 74. Suppose 1344 = 51*a - 45*a. What is the highest common divisor of j and a?
16
Let n = -31735 + 54771. What is the greatest common factor of 52 and n?
52
Let l(u) = u**3 - 10*u**2 + 8*u + 13. Let p be l(9). Suppose 8 = -2*m + p*m. Let o = -11 + 15. Calculate the greatest common divisor of m and o.
4
Suppose -22*f - 362 = -890. Calculate the highest common factor of f and 14376.
24
Let v be (3*12)/(3/9). Let r be (v/(6/(-3)))/1. Let m = -4 - r. Calculate the highest common divisor of 10 and m.
10
Let q = 326 - 273. Suppose q*a = 17*a + 1260. Calculate the greatest common divisor of 35 and a.
35
Let u be (-42)/(-3) - (9 - 3). What is the highest common factor of u and 6616?
8
Suppose -2*k = -l + 16, 3*l + 8*k = 6*k + 16. Let z = -150 + 54. Let i = -56 - z. Calculate the greatest common factor of i and l.
8
Suppose -69*n = -178*n + 85*n + 14904. What is the highest common divisor of 115 and n?
23
Let d be (-46246)/(-8) + (-161)/92. Suppose 11*b - 3065 = d. What is the highest common factor of 67 and b?
67
Let t be ((-1182)/4)/((-204)/136). Suppose -3703 - t = -25*j. What is the highest common factor of 24 and j?
12
Let d be 332/3*55809/1404. What is the greatest common divisor of d and 159?
53
Let m = -48 + 104. Suppose 18*d - 167 = 337. What is the greatest common factor of d and m?
28
Let k(n) = -2*n**2 - 45*n + 33. Let u(j) = -29*j + 35. Let z be u(2). Let v be k(z). Calculate the greatest common factor of v and 54.
2
Let j(u) = 115*u**2 + 9*u - 13. Suppose 4*h + 4 = -2*a, 8*a + 2*h = 13*a - 14. Let q be j(a). Calculate the highest common factor of 15 and q.
15
Suppose -4*b - 2 = -2. Let h(x) = 10*x + 216. Let l be h(b). What is the greatest common divisor of l and 27?
27
Let j = -50 - -110. Let q(o) = 4*o - 18. Let c be q(12). Let v be (72/(-10))/((-9)/c). Calculate the greatest common factor of j and v.
12
Suppose 0*l + 10*l + 578 = 44*l. What is the highest common divisor of 4981 and l?
17
Let w be (1028/(-12) + 5)*3. Let m = w - -247. What is the highest common divisor of m and 1?
1
Let b = -50 - -38. Let z(i) = i**3 + 13*i**2 + 14*i + 3. Let v be z(b). Let f be 0 + (-4)/(-4) - v. Calculate the greatest common divisor of 11 and f.
11
Suppose -221 - 59 = -5*s. Let m = -1381 - -1423. What is the highest common divisor of m and s?
14
Suppose 4*r - 1847 = 2*a + 1137, 5*a - 2251 = -3*r. Calculate the greatest common factor of r and 83.
83
Let q be -2 - (1 + -1 - 4). Suppose -m = 3*n + m + 272, -464 = 5*n - q*m. Let b = -64 - n. What is the greatest common divisor of b and 7?
7
Let k(u) = 28*u - 46 + 9*u**2 - 15 - 10*u**2. Let v be k(29). Let y = 105 + v. What is the highest common factor of 90 and y?
15
Let s be (144 - 32)/(-28) + -1 + 42. What is the greatest common factor of s and 16946?
37
Suppose r - 4032 = -47*r. Let n(g) = 2*g**3 - 17*g**2 + 8*g + 28. Let h be n(8). What is the highest common divisor of h and r?
28
Let d(y) = 3*y - 32. Let q be d(-4). Let c be (-7 - (-387)/(-36))*q. What is the highest common divisor of c and 22?
11
Let l(f) = 32*f**2 + 252*f + 13. Let c be l(-8). Suppose p - 53 = 64. Calculate the highest common divisor of c and p.
9
Suppose -d - d = -84. Suppose -t + 3*i = -57, 5*t - 307*i + 302*i - 255 = 0. What is the greatest common factor of t and d?
6
Let v(l) be the third derivative of 7*l**4/24 + 77*l**3/6 + 33*l**2 + l. Let x be v(-8). Let i = 23 - 16. Calculate the greatest common factor of i and x.
7
Let h = 245 + -219. Suppose 0 = -3*g + 287 - 92. What is the greatest common divisor of h and g?
13
Let n(d) = -d**3 - 4*d**2 + 5*d + 15. Let i be (-1)/(-3) - 2/(-3) - 11. Let j be (-2)/(-4)*i*1. Let c be n(j). Calculate the greatest common factor of c and 60.
15
L